1
Let t(r) = r**2 - r. Let l(b) = -3*b**2 + 6*b - 7. Let h(k) = -l(k) - t(k). What is the units digit of h(-6)?
9
Suppose -n = 3*n + 88. Let d = 59 + n. What is the units digit of (d/2)/(6/12)?
7
Let p(z) = 2*z + 217. What is the units digit of p(0)?
7
Let m(k) be the third derivative of 7*k**4/24 - 13*k**3/6 - 4*k**2. What is the units digit of m(8)?
3
Let j = 620 + -385. Let m be (-36)/(-14) + ((-32)/(-28))/(-2). Suppose 2*v + j = 5*g, -2*v + 113 = m*g + v. What is the units digit of g?
9
Suppose 5*f - 15 - 5 = 0. Suppose 0*w = w + f. What is the units digit of (115/10)/((-2)/w)?
3
Let t be -6 + 0*(-4)/12. Let g(w) = -w**3 - 4*w**2 + 3*w - 8. What is the units digit of g(t)?
6
What is the hundreds digit of 425 - ((-8)/8)/1?
4
Let a(d) = d**3 - 17*d**2 - 11*d + 11. Let f be a(18). Let z = f - 116. What is the tens digit of z?
2
Let m(n) = 28*n + 937. What is the hundreds digit of m(11)?
2
Suppose 33*i - 27*i - 36 = 0. Suppose i*l = 267 + 267. What is the units digit of l?
9
What is the tens digit of 18/(-27) + 2535/9 - 1?
8
Suppose -4*k = 6*t - 2*t - 32, 2*t = 0. Let h be 1 + -2*(-68)/k. Suppose 26 = 4*y - h. What is the units digit of y?
1
Suppose 5*h = 10*h + 980. Let d = -135 - h. What is the units digit of d?
1
Let w(y) = y**2 - 15*y - 10. Let p be w(16). Let s = 10 + p. Let i = 14 + s. What is the tens digit of i?
3
Suppose -2*p = -9*y + 12*y - 4283, 4*p + 2*y = 8586. What is the units digit of p?
9
Let t(o) = 2*o - 10. Let l be t(14). Let p = 18 - l. Suppose 0 = 6*j - p*j - 138. What is the tens digit of j?
2
Let p(s) = s**3 + 28*s**2 - 46*s - 49. What is the tens digit of p(-29)?
4
Suppose 6*k - k = -65. Let n = k - -12. Let r(u) = -20*u**3 - u**2 - u. What is the tens digit of r(n)?
2
Let u(r) = -r**2 + 1 - 11*r - 9 - 2*r - 5. Let b = 19 - 30. What is the units digit of u(b)?
9
Let t(w) = 2*w**2 - 36*w - 2. Let l be t(18). Let z = 56 + -32. What is the tens digit of ((-30)/9)/(l/z)?
4
Suppose -d = -4*x + 4*d - 7, 16 = 5*x + 2*d. What is the units digit of (x - -10)/4 + 1?
4
Let g be (-2)/(-1)*-2 - -4. Suppose 0 = 5*j - 3*n - 1106, g*j - 3*j + 3*n + 660 = 0. What is the units digit of j?
3
Suppose -5*s = 901 - 2646. What is the tens digit of 6/8 - s/(-4)?
8
Let d = 2934 - 1957. What is the units digit of d?
7
What is the hundreds digit of 309/(12/(-16)*-2)?
2
Let x be (-2 + 6)/4 - -2. Suppose -3*m - x*g = -7*m - 4, g - 12 = 4*m. What is the units digit of 176/6 - m/6?
0
Let a(k) = -k**3 + 18*k**2 + 5*k - 224. What is the tens digit of a(16)?
6
Suppose -1749 = -3*y - 4*m, m - 21 = -y + 561. What is the tens digit of y?
7
Let i be (1 - (0 + 0)) + 2. Suppose 5*b - 10 = 3*y, 3*b - 2*y = i*y - 10. Suppose -18 - 117 = -b*x. What is the tens digit of x?
2
Let b = 874 - -4210. What is the units digit of b?
4
Suppose 19*h + 77970 = 65*h. What is the units digit of h?
5
Let z be 3/((-2)/2) + -1. Let h(l) = 2*l**2 + 7*l - 4. Let y be h(z). Suppose 2*p + p - 6 = y. What is the units digit of p?
2
Suppose -4*h + 1419 = -5*r - 217, 5*h - 2036 = 4*r. What is the units digit of h?
4
Let g = 28 - 39. Let k = 15 + g. Suppose 0 = k*a - 31 - 73. What is the tens digit of a?
2
Let b be 11/((-11)/(-2)) + 1*-1. What is the units digit of (145 - b)/1 - 0?
4
Let p(x) = -x**3 - x**2 - x + 2. Let v be p(0). Suppose 4*a - 3 = -5*y - 15, -v*a = 6. Suppose y*z - 5*z = -30. What is the units digit of z?
6
Suppose 0*r + 4*l = -r + 1567, 5*r - 4*l = 7715. What is the units digit of r?
7
Let p = 24 + -37. Let v = -16 - p. What is the units digit of (0 - (-8)/(-12))*v?
2
Let x(n) = 5*n**2 - 6*n + 12. Let s(y) be the first derivative of -14*y**3/3 + 9*y**2 - 35*y + 2. Let o(f) = 6*s(f) + 17*x(f). What is the units digit of o(-7)?
1
Let i = 353 + 210. What is the hundreds digit of i?
5
Suppose 8*u - 87 = 5*u. Let j = u - 28. What is the units digit of j?
1
Let t(c) = -2*c + 44. Let z be t(22). Suppose 7*d - 430 = 2*d - 4*p, z = 5*d + p - 445. What is the tens digit of d?
9
Let j = -95 - -99. Suppose -4*o + 263 + 453 = j*q, -3*q + 505 = -5*o. What is the hundreds digit of q?
1
Let c = -116 + 193. Suppose 0 = 3*x - 4*x - 5*r + c, -5*r + 293 = 4*x. What is the units digit of x?
2
Let v = 125 - 53. Suppose -2*s - 405 = -7*s + r, s - 2*r - v = 0. What is the units digit of s?
2
Let n(p) be the first derivative of 11*p**2/2 - 34*p - 3. What is the tens digit of n(16)?
4
What is the tens digit of 1/(-2 - (-59)/29)?
2
Suppose 3*v + 3*i - 819 = 0, -2*i = -2*v + 122 + 420. What is the hundreds digit of v?
2
What is the units digit of -6 - (-15)/(105/98)?
8
Suppose -8*u + 11584 - 1616 = 0. What is the units digit of u?
6
Suppose 8*g - 32 = -0*g. Suppose 0 = 2*r - t - 168, -2*r - g*t + 154 = -34. What is the units digit of r?
6
Suppose 21630 = 25*u - 16095. What is the units digit of u?
9
Let d = 14 - 18. Let k be 2 + 10 + d/1. Suppose f = -v + 10, 3*v + k = f + 2. What is the units digit of f?
9
What is the units digit of 58128/56 + (1 - 0)?
9
Suppose -4*z = -3*c - 544, -2*z + 516 = 2*z + 4*c. What is the units digit of z?
3
Let u = 13 + -11. Let k(w) = -2*w**3 + 3*w**2 + u*w + 0 - 3*w**3 + 1. What is the tens digit of k(-2)?
4
Suppose 4*v = -2*c + 30, 0 = 2*v - 3*c - 2 - 9. What is the units digit of -2*v/(-21)*(-177)/(-2)?
9
Suppose -12*y + 9*y = -93. Suppose 5*c = 151 + 144. Let m = c - y. What is the tens digit of m?
2
Let o be 9/(-3 - 0)*4. Let q = 15 + o. What is the units digit of ((-2)/q)/(6/(-63))?
7
Let p be (-12*27/(-72))/(6/(-128)). Let w = 253 + p. What is the units digit of w?
7
Suppose 15*t + 200 = 17*t. Suppose 0 = -8*p - 20 + t. What is the tens digit of p?
1
Suppose 28*y - 62290 = 23782. What is the tens digit of y?
7
Let a(d) = -8*d - 24. Let c be a(-10). Suppose c = 3*n - 67. Suppose 0 = -5*w + n + 209. What is the tens digit of w?
5
Suppose -p + 10 = l, p + 5*l = -3*p + 45. Suppose -d + x = -98, 2*d = p*x + 114 + 70. What is the tens digit of d?
0
Let s be 3/6 + 35/10. Suppose 4*a + 0*a = 3*f - 793, -s*a - 4 = 0. What is the hundreds digit of f?
2
Let n(f) = 9*f - 6. Let g be n(3). What is the units digit of ((-18)/g)/(9/(-42))?
4
Suppose 202 = 5*d - 3*d. What is the units digit of d?
1
Let y(f) = -22*f**3 + 2*f**2 + 4*f - 2. What is the units digit of y(-3)?
8
Let x(p) = -p**3 + 3*p**2 + 13*p + 7. What is the units digit of x(-6)?
3
Suppose -3*q = 3*n - 2241, 1503 = 32*q - 30*q + 5*n. What is the units digit of q?
4
Suppose -v - 3*b + 1 = -0*v, 0 = -2*b. Let s be (v - 14)/(2/12). What is the units digit of -3 - 1*(0 + s)?
5
Let t be 10/6*(7 + -4). Let v(z) = z**3 - 5*z**2 - z - 7. Let u be v(t). Let b = 3 - u. What is the tens digit of b?
1
Let l(a) = 59*a**2 + 4*a + 125. What is the thousands digit of l(-8)?
3
Suppose -3742 = -13*k - 24. What is the hundreds digit of k?
2
Let p = 2181 - 795. What is the units digit of p?
6
Let u(x) = -3*x**3 + 2*x**2 + 4 + 5*x**3 + 3*x**3 - 4*x**3 - 4*x. What is the hundreds digit of u(5)?
1
Let a = -76 + 149. Suppose 0 = -4*g - z + 187, g + 2*z - 76 + 31 = 0. Let s = a - g. What is the tens digit of s?
2
Let o be 2/(-3)*12/(-8). Let i(g) = -10*g**2 + 1. Let t be i(o). Let r = t - -18. What is the units digit of r?
9
What is the hundreds digit of 6/90*5 + (-3599)/(-3)?
2
Let b = -1121 - -2406. What is the thousands digit of b?
1
Let r be -2 - (2 + (-148)/4). Suppose j = 4*p - 11, -p + r + 26 = -4*j. Let h(a) = -a**2 - 14*a + 21. What is the units digit of h(j)?
6
Let i = -158 - -334. Let c = i - 59. What is the hundreds digit of c?
1
Let z = -55 + 1824. What is the hundreds digit of z?
7
Let c(j) = 4*j**2 - 2*j - 2. Suppose -5*a - 3*k - 11 + 3 = 0, 2 = -2*k. Let v be c(a). Suppose i = v*i - 15. What is the units digit of i?
5
What is the hundreds digit of 0 + (-9759)/(-12) + (-2)/8?
8
Let u = 41 - -3. Suppose 4*x = -2*o + u, 0 = 2*o - o + x - 23. Suppose -4*n + 20 = -o. What is the tens digit of n?
1
Let a = 31 - 13. Let b = a - 22. What is the units digit of (-190)/b - (-2)/(-4)?
7
Let l(s) = 4*s - 10. Let k be l(4). Suppose 0 = -4*q - 5*t + k, 3*q - t - 22 = 4*t. What is the units digit of q?
4
Suppose -3*z - 12 = -3*i, -7*i + 21 = -2*i - 4*z. Suppose i*v - q - 215 = 4*q, -5*v = q - 215. What is the tens digit of v?
4
Let m(n) = n**2 + 9*n - 32. What is the tens digit of m(-16)?
8
Let m = -122 - -523. What is the tens d